/((-6)/9).
1
Let z = 8 + 0. Let a(s) = -s**3 + 8*s**2 + 3*s - 12. Calculate the remainder when 22 is divided by a(z).
10
Suppose 509 = 13*v - 362. What is the remainder when v is divided by 24?
19
Suppose r + 3*d - 4*d = 43, 0 = r - 3*d - 39. Calculate the remainder when 131 is divided by r.
41
Let o(a) = -4*a - 1. Let j be o(-1). Let q(b) = -5*b**3 + 3*b**3 - 12*b**3 + j - 2 + b + b**2. Calculate the remainder when q(-1) is divided by 6.
3
Suppose -4*h + 3*h = 15. Suppose -2*o = 4*x - 42, 0 = 4*o + 6*x - x - 90. Let a = o + h. What is the remainder when 28 is divided by a?
8
Let r(x) = 7*x - 6. Let l be r(-8). Let c be -28 + -2 - (1 - 1). Let m = c - l. Calculate the remainder when m is divided by 11.
10
Let k = -7 - -6. Let u = -3 - k. Calculate the remainder when 2 is divided by 6/(-12)*4/u.
0
Let b = -74 + 100. Suppose 2*n - 9 = n. Calculate the remainder when b is divided by n.
8
Let t = -5 - -9. Let m(b) = b**3 + 13*b**2 + 12*b + 17. What is the remainder when t/(-10)*(-1 + -79) is divided by m(-12)?
15
Let u(r) = -1 + 2*r**2 + r**3 - 2 - 14*r**2 + 16*r. Calculate the remainder when u(11) is divided by 18.
16
What is the remainder when -4*((-93)/12 - 2) is divided by 11?
6
Suppose 0 = 2*b + b + 4*p - 57, 3*b = -p + 66. What is the remainder when b is divided by 12?
11
Let x(n) = n**3 + 2*n**2 + 2. Let g be x(-2). Let m(b) = 2*b + 1. What is the remainder when m(g) is divided by 3?
2
Suppose 8*u - 3*u = -30. Let k = u + 8. What is the remainder when 6 is divided by k?
0
Suppose 0 = k - 0*k - 133. Calculate the remainder when k is divided by 34.
31
Let r = 6 + -4. Suppose 0 = -0*v - r*v. Let t = v - -14. Calculate the remainder when t is divided by 8.
6
Suppose -4*c + 120 = 4*z, -z + 0*z = 4*c - 114. What is the remainder when c is divided by 8?
4
Calculate the remainder when (-6)/(26/16 - 2) is divided by 70/8 - 2/(-8).
7
Let c(a) = a**3 + a**2 + a + 71. Let z = 1 + -1. Calculate the remainder when c(z) is divided by 24.
23
Let u = -4 + 17. What is the remainder when 38 is divided by u?
12
Let o(g) = -g**2 - 10*g - 5. Let m be o(-9). What is the remainder when 32 + (-3)/(3 - m) is divided by 9?
8
Suppose 5*d = 7*d - 22. What is the remainder when d is divided by 7?
4
Let x = 5 + -3. Suppose 64 = 4*p - x*p + 4*i, -5*p + 5*i = -205. What is the remainder when p is divided by 20?
18
Suppose -3*z + 4*l + 4 = -12, 5*z - 3*l - 34 = 0. Let q(y) = y**2 - 7*y - 2. What is the remainder when 10 is divided by q(z)?
4
Let j(z) = z**3 + 7*z**2 - 4*z - 3. Suppose 5*y + 20 = -3*g, -g - 4*g - 4 = y. What is the remainder when j(y) is divided by 16?
13
Suppose 108*u = 105*u + 126. Calculate the remainder when 164 is divided by u.
38
Calculate the remainder when (-8)/(-6)*(-33)/(-2) is divided by (-16)/1*9/(-12).
10
Let d = 370 - 233. Calculate the remainder when d is divided by 20.
17
Suppose -4*u + 5*u - 5*d = 11, 4*d = 3*u - 33. Let v be (3 - -1)*36/16. Suppose 0 = -3*z + v + 3. What is the remainder when u is divided by z?
3
Let f be 39 - -3*8/(-12). Suppose -2*q + 13 + f = 0. Calculate the remainder when 97 is divided by q.
22
Suppose -2 = 2*m - 5*o, 0*m + 22 = 3*m + 5*o. Calculate the remainder when (3 - -3) + 2 + -3 is divided by (8/3)/m*3.
1
What is the remainder when (-2 + -3)*(-62)/5 is divided by 13?
10
Let d(o) = 4*o. Let t(a) = 5*a**3 + a**2 + a - 2. Let j(r) = -r**2 + 6*r - 7. Let z be j(2). Calculate the remainder when d(2) is divided by t(z).
3
Suppose 35 + 19 = 6*r. Calculate the remainder when r is divided by 3.
0
Let j = -13 - -18. Suppose 142 = j*y + 27. Suppose 0 = -5*m + 4*l + 78, -4*l + y = 4*m - 25. What is the remainder when 40 is divided by m?
12
Let w(u) = -u + 12. What is the remainder when 33 is divided by w(0)?
9
Let k(n) = 2*n + 1. Let p be k(2). Suppose -p*m - 14 - 26 = 0. Let l = -1 - m. What is the remainder when 20 is divided by l?
6
Let w = 25 + -16. Calculate the remainder when 26 is divided by w.
8
Suppose -3*m = a - 14, -2*m + 3*a - 2 = 7. Suppose -m*g + 3*r + 51 = 0, -34 + 9 = -g - 3*r. Calculate the remainder when g is divided by (-1)/3 + (-176)/(-24).
5
Let q = -52 + 67. What is the remainder when -1*(-1)/((-2)/(-58)) is divided by q?
14
Let t = -21 + 58. Calculate the remainder when t is divided by 8.
5
Let c(y) = y + 29. What is the remainder when (-121)/(-4) - (-1)/(-4) is divided by c(-18)?
8
Suppose -t - 12 = -2*b + 46, b - 39 = -2*t. Suppose -2*j = 9 - b. Let y(w) = -11*w - 1. What is the remainder when y(-3) is divided by j?
10
Let u be 2/3 + (-39)/(-9). Suppose 26 - 81 = -u*a. What is the remainder when 31 is divided by a?
9
Let u = 7 + -19. Calculate the remainder when (100/u)/((-2)/12) is divided by 13.
11
Suppose 2*r - 14 = -5*s - 2*r, -3*s = -3*r - 30. Suppose -2*y - w = s - 27, -y = 2*w - 6. Calculate the remainder when 35 is divided by y.
11
Suppose -3*n - 522 = 150. Let u be n/(-22) + (-2)/11. What is the remainder when 37 is divided by (-2)/3*(-195)/u?
11
Calculate the remainder when (-5 + 0)*(-42)/15 is divided by (5/15)/((-1)/(-24)).
6
Let o = -5 + 9. Suppose -o*m = -15 + 3. Calculate the remainder when m is divided by 2.
1
Let h be (-411)/12 - 2/(-8). Let x = 0 - h. Calculate the remainder when x is divided by 12.
10
Suppose 0 = 2*a - 1865 + 317. Let m = a + -1203. What is the remainder when m/(-12) - (-1)/4 is divided by 13?
10
Suppose -2*t + 4*j + 36 = 0, 13 = t - j - 0. Let g = -1 + 1. Suppose g = -4*u - 8 + 96. Calculate the remainder when u is divided by t.
6
Let i = 22 + -18. Suppose 0 = -4*a + i*y + 76, 4*a = -y + 53 + 18. What is the remainder when 34 is divided by a?
16
Let s(k) = -4 - k - 4*k + 3*k. Calculate the remainder when (-10)/4*-4 + -1 is divided by s(-5).
3
Let j = 7 - 5. What is the remainder when 5 is divided by j?
1
Let x = 13 + -10. What is the remainder when x/18 - (-140)/24 is divided by 2?
0
Suppose 0 = -5*y + 30 + 120. What is the remainder when 118 is divided by y?
28
Suppose 3*n = -2*r + 25, 4*n = 5*r - r - 20. Let o = r + -6. Suppose -4*u - 5 + 15 = -o*z, -4 = -4*z + 2*u. Calculate the remainder when 7 is divided by z.
1
Suppose 2*u = -0*n - 5*n + 123, 0 = -n + 5*u + 30. What is the remainder when 197 is divided by n?
22
Let v = 3 + 4. What is the remainder when 20 is divided by v?
6
Suppose -19*k = -21*k + 34. Let l be (-1 - -2)*(0 + 0). Suppose -5*i + 2*a - 5*a + 33 = l, 22 = 2*i - a. What is the remainder when k is divided by i?
8
Let w = -16 - -29. Calculate the remainder when 38 is divided by w.
12
Let g = -118 + 193. What is the remainder when g is divided by 26?
23
Suppose -2*u = 5*v - 22, -18 = -0*u - 2*u - 3*v. What is the remainder when 10 is divided by u?
4
Suppose -g - 4*g = 0. Suppose g*p + 8 = -p. What is the remainder when 15 is divided by (-2)/(0 + 2/p)?
7
Let t = -9 + 13. Suppose 0*o - t*o = -40. Let u(r) = -r**3 + 5*r**2 + 4*r - 4. What is the remainder when u(4) is divided by o?
8
Let q = -125 - -183. What is the remainder when q is divided by 23 + (2 - 6) + -4?
13
Suppose -3*u - 2*i = -224, 2*u + 2*u - 4*i = 312. Let v = 109 - u. Let w(m) = m**3 - 6*m**2 + 8*m - 6. What is the remainder when v is divided by w(5)?
6
Suppose 0 = 2*j + 2*g + 1 - 13, 0 = j + 5*g + 6. Calculate the remainder when j is divided by 6.
3
Suppose -10 - 2 = -4*h. Suppose 0 = -h*z - 4 + 52. What is the remainder when z is divided by 9?
7
Let i be (0 + (-2)/3)*-6. Calculate the remainder when 41 is divided by 3 - i - -16 - 1.
13
Suppose -4*z + 9 = -z. Suppose 3*w - 4*w + 6 = -z*u, 3*w + 5*u = 46. Calculate the remainder when 23 is divided by w.
11
Suppose 0 = 2*l + 2*c - 90, 2*l + 65 = 3*l + 5*c. What is the remainder when l is divided by 14?
12
Suppose 0 = 5*x + 2*m - 162, 5*x - m = 2*m + 182. Let t = x - 8. What is the remainder when t is divided by 9?
8
Suppose 4*z - 68 = -3*i - i, 31 = 3*i - z. Suppose -l - 5*j - 13 - i = 0, -5*l - j = 29. What is the remainder when 17 is divided by (2/l)/(3/(-45))?
5
Calculate the remainder when (-207)/(-3) - (-16)/(-4) is divided by 17.
14
What is the remainder when 246/9*3/2 is divided by 14?
13
Suppose l - 70 = -4*l. Let c = -18 - -22. What is the remainder when l is divided by c?
2
Let s = 91 + -68. Calculate the remainder when 137 is divided by s.
22
Suppose 0 = -4*t + 3*t. Suppose 4*a - 6*a + 4 = t. What is the remainder when 4